mber?
False
Let z(b) = 6*b**2 - 3*b. Let m(h) = 6*h**2 - 2*h + 1. Let p(i) = 4*m(i) - 3*z(i). Is p(-3) prime?
False
Let j = 16 - 8. Let k = 13 - j. Suppose -k*p + 185 = -0*p. Is p composite?
False
Let m(t) = 82*t - 9. Is m(4) a composite number?
True
Suppose -3*k + 0*u + 721 = -u, 2*u = 3*k - 725. Let a = -566 - -1016. Let w = a - k. Is w prime?
True
Suppose -12*k + 748 = -1376. Is k a prime number?
False
Let q(c) = c**3 - 7*c**2 + c - 3. Let i be q(7). Let u = 7 - 5. Suppose -3*w + u*o = -63, -3*o = -i*w + 2*o + 77. Is w composite?
False
Let p = -332 + 186. Let m = p + 437. Is m composite?
True
Let h = 8 + 83. Is h a prime number?
False
Let p = 459 - 136. Is p prime?
False
Let i(s) = 145*s**2 + s. Let o be i(1). Suppose 2*f - 5*w = -o, 3*f + 229 = -0*f + 5*w. Is 0 + (1 - 1 - f) a composite number?
False
Let l(a) = -138*a - 19. Is l(-3) a prime number?
False
Suppose 11*n - 13*n = -3452. Is n prime?
False
Let x = 11 + 8. Suppose -5*g + x = -256. Is g a composite number?
True
Suppose 3 = -3*l, 2*l + 1 = 3*b - 13. Suppose 5 = b*a - 11. Suppose -3*q + 6*q - a*m = 106, -2*m + 66 = 2*q. Is q prime?
False
Let h = -30 + 58. Let x = 7 + h. Is x a composite number?
True
Let b(f) = -7 + f**2 + 0*f**2 - 3 - 7*f + 1. Is b(-7) a composite number?
False
Let c(p) be the first derivative of p**4/4 + 2*p**3/3 - 5*p**2/2 - 5*p - 4. Is c(6) a composite number?
True
Let p be (543/(-6))/(-1)*4. Let h be p - (-1*4 + 2). Suppose -t - 3*c + h = 0, c + 3*c + 758 = 2*t. Is t composite?
False
Let r be -1 + 0 - 29*3. Let y = -53 - r. Is y prime?
False
Let y(d) = d**2 - 9*d + 2. Let h be y(9). Let z = 41 + h. Is z composite?
False
Suppose -4*g = -7*g - 3. Is (-17)/(g*(-3)/(-21)) composite?
True
Is 125/10*(-2 + 4) prime?
False
Let u(b) = 244*b + 5. Let t be u(5). Suppose -5*v + 7*g + t = 3*g, -2*v + 487 = -g. Suppose -5*y + v = 56. Is y prime?
True
Let b(q) = q**3 + 5*q**2 + 3*q - 1. Let w be b(-4). Let h = -21 - -60. Suppose y - 34 = -w*f, 2*f - 6*f + h = -5*y. Is f composite?
False
Let h = 150 - 216. Let f = h - -197. Is f a prime number?
True
Is (2/3)/((80/20985)/8) prime?
True
Is (-3)/(-9) + (-6608)/(-12) prime?
False
Let l = 1 - 1. Suppose -x - 4 + 6 = 0. Suppose -x*z + 25 + 19 = l. Is z a prime number?
False
Let n = -5 + 7. Suppose 3*p - 410 = -5*d - 2*p, n*d - 199 = 5*p. Is d composite?
True
Let o be (-4)/(-14) + (-310)/7. Let l = o + 97. Is l prime?
True
Let i(y) = -227*y + 16. Is i(-5) a prime number?
True
Let b = -8 + 9. Is (-1)/((1/(-26))/b) prime?
False
Let t be (-3)/(-4)*(5 - 1). Let a = 7 - t. Suppose 2*x - i + 34 - 136 = 0, 0 = 2*x - a*i - 90. Is x composite?
False
Let q(k) = -k**3 - 21*k**2 - 34*k - 15. Is q(-22) a prime number?
True
Is 46*(12/8 + 4) prime?
False
Let t = -314 - -547. Is t a prime number?
True
Let m(d) = d + 10. Let b be m(-7). Suppose -395 = -5*n - 2*f, 0 = b*n - n - 4*f - 158. Is n composite?
False
Let y(b) = 2*b - 3. Let t = -18 + 29. Is y(t) prime?
True
Let v = -5 - -13. Let a(q) = -6*q + 3. Let b be a(-4). Let l = b - v. Is l a composite number?
False
Suppose -3*d + 0*d = -336. Suppose -d = -2*o + 166. Is o composite?
False
Suppose 28 + 18 = 2*i. Is i a composite number?
False
Suppose -3786 = -2*n - 3*a - a, -4*n + 2*a = -7612. Is n a prime number?
True
Is (-1)/(-7) + 9376/28 prime?
False
Suppose -3*p + 6*p = 12. Suppose 5*l + p*s = 56, -s - 5 - 23 = -4*l. Is (-65)/(-3) + l/(-12) prime?
False
Let f = -11 - -18. Suppose h - f - 67 = 0. Is h a composite number?
True
Suppose -3*b - 2*m = -531 + 150, b - m - 127 = 0. Is b prime?
True
Suppose 4445 = 5*y - 5120. Is y prime?
True
Is 1399*(1/(2 - 3))/(-1) a composite number?
False
Suppose 0 = -15*z + 13*z - 74. Let w be (108/(-10))/(9/(-150)). Let o = z + w. Is o a composite number?
True
Let h(f) = f**3 - 11*f**2 + 29*f - 26. Is h(12) prime?
False
Let y be 12/(-18) + 80/(-6). Is (-138)/y - (-9)/63 composite?
True
Suppose 6*q - 10*q = -20588. Is q prime?
True
Let t(l) = l**3 + 12*l**2 - 4*l - 2. Is t(-12) a composite number?
True
Let m = 98 - 57. Let l = -22 + m. Is l prime?
True
Let s be 1539/9 - (2 + -1). Suppose -2*u = 3*u - s. Is u a composite number?
True
Suppose 12 = -2*h + 56. Let z = h + -16. Is z composite?
True
Let n be (-3)/1 + 13 - 2. Let p = n - -1. Is p a composite number?
True
Let q(c) = -9*c + 3*c - 10*c - 15. Is q(-14) composite?
True
Suppose 4*z + 3*h = 1172, -h + 135 + 451 = 2*z. Is z a composite number?
False
Suppose 20*w - 21*w + 1797 = 0. Is w composite?
True
Let z(p) = 5*p + 3. Let x be z(-8). Let u = -23 - x. Is u prime?
False
Suppose -14 = -5*y - o, 5*y - 2*o = -0*o + 2. Suppose 3*l = -y*f + 62, 4*f - 124 = -l - 4*l. Is f prime?
True
Suppose 2*s - 3*s + 1230 = 4*p, -5*s - 604 = -2*p. Is p composite?
False
Suppose 0 = 2*w + 1 - 7. Let u be 8 + (-4 - -3 - 2). Suppose -u*t - w*j + 30 = 0, 4*t - 4*j + 9 = 33. Is t composite?
True
Let c = -103 + 74. Suppose -3*b + 6*b - 234 = 0. Let r = b + c. Is r a prime number?
False
Suppose -1100 - 1714 = -6*j. Is j a composite number?
True
Suppose -n + 0*q + 3*q = -20, -3*n - 10 = 5*q. Suppose n*f - 341 = -2*s + 368, 2*s = 3*f - 419. Is f composite?
True
Suppose 2*f - 2*r - 1576 = -3*f, 2*r = -5*f + 1564. Let g = -201 + f. Is g prime?
True
Suppose 0*l = 2*l - 80. Suppose -5*o = -k - 106, -5*k = 3*o - 18 - l. Is o composite?
True
Let j(s) = s**2 - 4*s - 2. Let n(f) = -2*f - 12. Let h be n(-9). Is j(h) prime?
False
Let h(r) = -r**3 + 7*r**2 - 6*r. Let g be h(6). Let l(y) = -3 + g*y**2 + 4*y + y**2 + 1. Is l(-6) a composite number?
True
Suppose 15 = j - u, -5*j - 2*u + 16 = -31. Let z be -1*j + -2 + 1. Let p = 3 - z. Is p composite?
True
Is 2/(-6) + 892/3 + -8 prime?
False
Suppose 0 = -o + 4*o + 2*l - 908, o - 5*l = 297. Is o composite?
True
Let w be (-1)/((-12)/10 + 1). Suppose w*z - 393 = 262. Is z prime?
True
Let b = -7 + 7. Let r(o) = 2*o - 2. Let q be r(5). Suppose 4*d - 32 + q = b. Is d composite?
True
Suppose 25 = -5*v - 0*v, 0 = -4*t - 2*v + 12306. Is t a prime number?
True
Let s be 1*-3 - (-10)/(-5). Let c = 11 + s. Is 34/c*(23 + -2) composite?
True
Let n = -152 - -709. Is n composite?
False
Suppose s + 3*s + 1012 = 0. Let q = s - -548. Suppose 4*j - 93 = q. Is j a composite number?
False
Suppose 3*m - 6*m + 759 = 4*k, 0 = -4*m - 4*k + 1016. Is m prime?
True
Suppose -8*a + 7476 = 4*a. Is a a prime number?
False
Suppose 3*h = 4 + 5. Let j be (14/4)/(1/74). Suppose -h*q + j = -530. Is q a composite number?
False
Let q(t) = 5*t**2 + t - 1. Let m be q(1). Suppose -i - 4*i + m*o + 420 = 0, -i = -5*o - 96. Is i - 6/(-9)*3 composite?
False
Suppose 2*d + d - 1617 = 0. Let q = d - 276. Is q composite?
False
Suppose -4*h + 3 = -1. Let f = 21 + h. Is f a prime number?
False
Suppose -3*r + 3*n + 294 = 0, -5*r = -n + 2*n - 484. Is r composite?
False
Let h be (40/(-15))/(4/(-306)). Suppose 3*b - 1299 = -h. Is b a prime number?
False
Let b = -4 - -4. Suppose 3*i - 4*p - 57 = -2*p, b = -i - 4*p + 33. Is i a composite number?
True
Suppose 6*d - 2485 = d. Is d a prime number?
False
Let v(u) be the third derivative of -3*u**2 + 1/6*u**3 + 43/12*u**4 + 0 + 0*u. Is v(3) a composite number?
True
Suppose 0 = -4*z + 5 - 1, -q = -z - 1. Is 54 + q + 1 + 1 prime?
False
Suppose 4*c = -4*h + 592, -5*h + 2*c = -2*c - 749. Is h prime?
True
Let g(y) = -16*y + 11. Let w be g(5). Let p = 126 + w. Is p a composite number?
True
Let x(m) = -11*m**3 - 4*m**2 + m - 3. Let u be x(-5). Suppose 3*n = -4*c + 737, -u = -5*n + 2*c + c. Is n prime?
True
Let d(p) = -2 - p**2 - 7 + 0*p - 11*p. Is d(-8) composite?
True
Suppose -867 = -10*a + 423. Suppose 2*b = 5*m + 45 - 20, -3*b - 3*m = -6. Suppose b*q + 2*g = a, -2*q + 73 = q - g. Is q a prime number?
False
Let m(r) = -58*r - 6 + 2 - 1. Is m(-2) composite?
True
Suppose -c = -2*c - 5*d + 1099, 2*c - 2198 = -5*d. Is c prime?
False
Let o(q) = q**2 - 7*q + 4. Let u be o(7). Suppose 9*f - u*f - 130 = 0. Suppose g = -g + f. Is g a prime number?
True
Let z(u) = 2*u**2 - 5*u + 1. Let n(q) = q**2 + 7*q + 9. Let a be n(-6). Suppose 20 = -a*p - 2*p. Is z(p) a prime number?
True
Suppose -4*i = -2*i - 16. Let u = i - 2. Is u prime?
False
Suppose 0*d - 2792 = -k + 3*d, -d + 11103 = 4*k. Is k a composite number?
False
Suppose 0*u = u - 3*z - 230, -5*u + z + 1192 = 0. Suppose 3*m = -2*m + 15. Is 4/(-6) + u/m prime?
True
Is 0 - 0 - (-2891)/